et s(f) = f**2 + 12*f. What is s(-5)?
-35
Let w(k) = 4*k**3 + 7*k**2 - 8*k + 3. Calculate w(1).
6
Let f(b) = -b**2 - 14*b - 21. Give f(-12).
3
Let f(y) = -11*y**2 + 45*y - 4. Give f(4).
0
Let v(m) = 6*m + 60. What is v(0)?
60
Let f(t) = t**3 + 5*t**2 + 5*t + 10. Give f(-4).
6
Let s(y) = y**3 - 7*y**2 - 4*y - 2. Give s(7).
-30
Let h(p) = -p**2 + 22*p - 90. Determine h(5).
-5
Let q(i) = i**3 - 4*i**2 + 6*i - 9. Calculate q(3).
0
Let x(q) = -4*q**2 - 53*q + 461. Calculate x(6).
-1
Let c(m) = m**2 - 4*m - 13. Calculate c(6).
-1
Let p(w) = 2*w**2 + 17*w + 20. Calculate p(-7).
-1
Let n(m) = m**2 - 8*m + 10. Determine n(7).
3
Let z(x) = -x**2 - 6*x + 9. Calculate z(-7).
2
Let b(k) = -6*k**2 - 205*k - 41. What is b(-34)?
-7
Let i(h) = -2*h**3 + 2*h**2 + 4*h + 5. Determine i(-2).
21
Let m(i) = 3*i - 15. Calculate m(11).
18
Let g(u) = 5*u**2 + 145*u - 5. Give g(-29).
-5
Let r(g) = -g**3 + 6*g**2 - 2*g + 12. What is r(6)?
0
Let f(s) = 2*s + 12. Give f(-7).
-2
Let c(a) = -a**2 - 6*a - 18. Determine c(-3).
-9
Let y(s) = s**2 + 6*s - 12. Give y(-7).
-5
Let o(w) = w**2 + 4*w. Give o(-6).
12
Let n(c) = c**2 - 16*c + 21. What is n(16)?
21
Let c(j) = -j**3 + 3*j**2 - 2*j - 2. What is c(-3)?
58
Let a(p) = -48*p - 1193. Calculate a(-25).
7
Let q(v) = v**3 + 30*v**2 - 67*v - 73. What is q(-32)?
23
Let b(d) = 10*d**2 - 13*d - 1. Calculate b(2).
13
Let u(a) = -a**3 - 24*a**2 - 44*a - 4. What is u(-22)?
-4
Let j(c) = 2*c + 71. Determine j(10).
91
Let t(c) = c**2 - 3*c + 2. Determine t(-4).
30
Let r(b) = 3*b**3 - 4*b**2 - 11*b + 2. What is r(-3)?
-82
Let j(u) = -2*u**3 - u**2 + 3*u - 2. Give j(-3).
34
Let u(k) = -k + 9. Calculate u(7).
2
Let z(d) = 5*d - 5. What is z(-5)?
-30
Let d(y) = -y + 53. Give d(17).
36
Let c(p) = -2*p - 48. Calculate c(0).
-48
Let r(d) = -57*d**3 - 2*d**2 + 2*d - 1. Give r(1).
-58
Let z(c) = 8*c + 19. Determine z(5).
59
Let h(f) = -f**3 + 7*f**2 - 8*f + 5. Give h(6).
-7
Let d(g) = -11*g - 47. Calculate d(-11).
74
Let l(v) = v - 12. Calculate l(6).
-6
Let k(y) = y**2 - 9. Determine k(0).
-9
Let c(b) = b**3 + 10*b**2 + 10. Determine c(-10).
10
Let y(t) = 19*t + 6. Determine y(2).
44
Let x(q) = -2*q + 13. Calculate x(10).
-7
Let v(r) = r**2 + 9*r + 17. Calculate v(-6).
-1
Let h(c) = c**3 + c + 46. Calculate h(0).
46
Let i(r) = r**3 - 6*r**2 - 54*r + 330. Calculate i(7).
1
Let r(w) = w**2 - 3*w + 1. Calculate r(2).
-1
Let s(m) = -m**2 - 7*m + 9. Give s(-9).
-9
Let m(h) = 2*h - 3. What is m(0)?
-3
Let o(j) = -j**3 - 5*j**2 + 12*j - 36. Calculate o(-7).
-22
Let v(d) = -d**3 - 5*d**2 - 3*d + 2. Determine v(-3).
-7
Let w(x) = -9*x + 124. Determine w(14).
-2
Let v(m) = m**2 + m - 10. What is v(-6)?
20
Let j(v) = 49*v + 1075. Calculate j(-22).
-3
Let x(l) = 2*l**2 + 5*l + 11. Determine x(-4).
23
Let x(k) = 6*k - 1. Give x(4).
23
Let r(z) = -z**3 - z**2 + 2*z + 3. Calculate r(4).
-69
Let a(j) = j**3 + j**2 + 2*j + 3. Calculate a(3).
45
Let h(i) = -i + 13. Determine h(7).
6
Let z(j) = j**3 + 12*j**2 - 1. What is z(-12)?
-1
Let c(g) = -g**2 - 18*g + 3. Calculate c(-18).
3
Let j(m) = -m**3 + 4*m**2 + 7*m - 17. Give j(5).
-7
Let s(t) = -3*t - 62. Calculate s(-16).
-14
Let z(c) = -7*c - 237. Determine z(-32).
-13
Let n(x) = -x**2 + x. Determine n(-1).
-2
Let m(d) = 23*d - 4. Determine m(-4).
-96
Let i(f) = f**2 + 6*f - 22. What is i(-8)?
-6
Let b(t) = t**2 - t + 2. Give b(-3).
14
Let y(l) = -2*l**3 + 10*l**2 - 5*l + 1. What is y(5)?
-24
Let y(n) = 5*n**2 + 6*n - 3. Give y(3).
60
Let z(d) = -62*d - 795. Give z(-13).
11
Let t(v) = -v**3 - 14*v**2 - 17*v - 28. Calculate t(-13).
24
Let a(c) = c**2 + 2*c - 159. What is a(12)?
9
Let n(q) = 2*q**3 + 10*q**2 - 10*q - 3. Determine n(-6).
-15
Let n(i) = -i**3 + 10*i**2 + 7*i + 13. Determine n(11).
-31
Let l(v) = -5*v**2 - 12*v - 19. Calculate l(-3).
-28
Let f(a) = -a**3 + 2*a**2 - 8. Give f(0).
-8
Let u(v) = v**3 - 2*v**2 - 12*v - 2. Give u(5).
13
Let s(d) = -d**3 - 24*d**2 + 6*d + 142. Give s(-24).
-2
Let v(r) = -r**3 + 5*r**2 + 3*r + 1. Calculate v(3).
28
Let r(d) = -7*d**3 + 6*d - 3. What is r(2)?
-47
Let l(u) = -4*u**2. Calculate l(0).
0
Let d(k) = -k**2 + 22*k - 8. Give d(17).
77
Let u(i) = 31*i**3 - i - 1. Give u(-1).
-31
Let i(p) = -2*p**2 - 2*p - 4. Calculate i(-4).
-28
Let p(g) = g**2 + 8*g + 7. Determine p(-5).
-8
Let v(m) = 2*m**2 + 15*m + 6. Give v(-6).
-12
Let o(m) = -2*m**2 - m + 5. Determine o(-3).
-10
Let n(i) = 3*i**2 - i + 1. What is n(-2)?
15
Let n(p) = -2*p + 16. Determine n(-3).
22
Let c(q) = -11*q + 57. Give c(0).
57
Let h(t) = -t**3 + 16*t**2 - 36*t - 35. Give h(13).
4
Let d(r) = -r**2 + 15*r - 38. Determine d(9).
16
Let s(b) = b. What is s(5)?
5
Let d(i) = 7*i**3 - i**2 - 2*i - 2. Determine d(-2).
-58
Let v(k) = -k**3 + 11*k**2 - 9*k - 2. What is v(10)?
8
Let n(y) = -3*y - 50. Calculate n(-14).
-8
Let f(c) = 32*c + 1. Calculate f(1).
33
Let p(z) = 5*z + 91. Calculate p(-12).
31
Let s(a) = a**3 + 2*a - 7. Give s(0).
-7
Let u(r) = 123*r + 730. Determine u(-6).
-8
Let s(o) = -o**2 + 27*o - 27. Calculate s(26).
-1
Let n(g) = g**3 + 4*g**2 - 13. Determine n(-4).
-13
Let m(b) = 83*b - 29. What is m(1)?
54
Let r(b) = b**3 - 6*b**2 + 6*b + 1. What is r(5)?
6
Let t(d) = -12*d - 28. Determine t(3).
-64
Let i(l) = l - 6. Calculate i(6).
0
Let h(f) = 3*f**2 - 25*f + 5. Determine h(8).
-3
Let j(d) = 2*d**2 - 7*d - 5. Calculate j(6).
25
Let d(q) = -10*q + 20. What is d(13)?
-110
Let x(o) = -o**2 + 8*o + 1. Give x(11).
-32
Let v(i) = 20*i**2 + 2*i + 2. Give v(-1).
20
Let z(s) = s**3 + 9*s**2 + 6*s + 2. Calculate z(-3).
38
Let d(t) = 10*t**3 + 2*t**2 + t - 2. Calculate d(1).
11
Let q(z) = z**3 - 19*z**2 + 21*z - 32. Give q(18).
22
Let b(v) = -v**3 - 20*v**2 - 17*v + 63. Give b(-19).
25
Let b(l) = -l**2 - 10*l - 1. What is b(-12)?
-25
Let q(s) = s**3 - 12*s**2 - 17*s + 4. Determine q(13).
-48
Let c(m) = -17*m - 29. Give c(-2).
5
Let a(w) = w**2 - 4*w. Determine a(-2).
12
Let f(o) = o**2 + 8*o + 25. Calculate f(-4).
9
Let u(z) = -9*z - 7. Calculate u(3).
-34
Let o(t) = t + 9. Determine o(-6).
3
Let z(i) = i**3 - 5*i**2 + 7*i - 5. What is z(4)?
7
Let n(u) = -u - 12. Calculate n(-21).
9
Let m(j) = 32*j + 28. Give m(-3).
-68
Let q(k) = -k**3 + 5*k**2 + k + 1. What is q(4)?
21
Let v(n) = -3*n**2 + 34*n - 15. What is v(11)?
-4
Let z(y) = -5*y**2 + 20*y - 12. Give z(8).
-172
Let r(w) = -w**3 - 13*w**2 - 8*w + 7. Give r(-12).
-41
Let z(h) = h**3 - 11*h**2 + 9*h - 9. Give z(10).
-19
Let p(u) = -u**3 + 10*u**2 - 26*u + 28. Determine p(7).
-7
Let q(r) = -r**3 + 7*r**2 + 11*r - 7. What is q(8)?
17
Let k(l) = -3*l - 14. What is k(-8)?
10
Let i(u) = -2*u + 27. What is i(2)?
23
Let g(z) = -21*z**3 - 2*z**2 + 4*z + 6. Give g(-2).
158
Let b(v) = v**3 + 19*v**2 - 25*v - 79. Give b(-20).
21
Let o(a) = -a**2 + 19*a - 90. Determine o(10).
0
Let r(u) = 7*u + 36. What is r(-6)?
-6
Let k(o) = -o**3 - 19*o**2 - 38*o - 1. Determine k(-17).
67
Let t(k) = k**2 - 3*k + 15. Determine t(10).
85
Let t(b) = b**3 + 6*b**2 + 5*b - 7. Give t(-4).
5
Let f(h) = h**2 + 9*h + 17. Give f(-8).
9
Let z(k) = k**3 + 12*k**2 - 11*k + 13. Determine z(-13).
-13
Let k(n) = n**2 + 7*n - 28. Calculate k(-10).
2
Let u(j) = 11*j + 26. Determine u(-8).
-62
Let f(d) = -d**2 - 12*d - 19. Give f(-10).
1
Let w(d) = d**3 - 7*d**2 - 12*d + 7. Calculate w(6).
-101
Let j(c) = c**3 + 3*c**2 - 18*c + 11. Calculate j(-6).
11
Let s(y) = y**2 - 17*y - 11. Calculate s(17).
-11
Let u(h) = 4*h + 2. Calculate u(-1).
-2
Let c(r) = 2*r - 63. Calculate c(0).
-63
Let m(u) = -4*u + 13. Calculate m(-6).
37
Let l(u) = -u**3 + 5*u**2 - 5. Give l(4).
11
Let k(t) = t**2 + 14*t - 39. Give k(-16).
-7
Let k(g) = -g**3 - 5*g**2 - g - 3. What is k(-3)?
-18
Let k(p) = -p**3 - 8*p**2 + 8*p - 3. What is k(-9)?
6
Let m(h) = -9*h**2 + 61*h + 10. What is m(7)?
-4
Let v(h) = -4*h + 6. What is v(14)?
-50
Let i(f) = f**2 + f + 3. What is i(3)?
15
Let r(w) = -5*w - 34. Calculate r(-8).
6
Let l(o) = 29*o - 92. Give l(3).
-5
Let c(z) = -20*z - 8. Determine c(-4).
72
Let f(h) = -89*h - 541. What is f(-6)?
-7
Let a(u) = u**2 + 2*u + 58. Calculate a(0).
58
Let p(d) = -10*d**3 + d**2. Give p(-1).
11
Let w(t) = -12*t + 2. Calculate w(1).
-10
Let x(g) = -g**3 + 5*g**2 - 2*g + 1. Calculate x(5).
-9
Let u(a) = 13*a - 66. Give u(2).
-40
Let n(g) = -7*g**3 - g**2 + g + 2. Calculate n(2).
-56
Let d(g) = -2*g**2 - 